to base 2.
-1001111110
Convert -264131 (base 7) to base 8.
-140467
2104 (base 6) to base 4
13120
What is 711 (base 10) in base 12?
4b3
Convert 1d01 (base 14) to base 9.
7231
What is -10230 (base 4) in base 13?
-1a1
308a (base 11) to base 6
30535
-3baa (base 13) to base 11
-64aa
1101001101100 (base 2) to base 6
51152
96a (base 15) to base 8
4115
640c (base 16) to base 10
25612
Convert -c3cb (base 14) to base 13.
-1244c
Convert 64362 (base 8) to base 6.
324214
392 (base 16) to base 12
642
What is 2092 (base 12) in base 3?
11220002
Convert -542 (base 13) to base 8.
-1603
360 (base 14) to base 2
1010100000
-9e9 (base 15) to base 8
-4304
-100110 (base 2) to base 8
-46
What is c97 (base 15) in base 5?
42332
224 (base 12) to base 8
474
-214 (base 6) to base 8
-122
What is -1e2 (base 15) in base 13?
-278
What is 1116 (base 14) in base 3?
11001122
-415 (base 13) to base 8
-1266
302 (base 14) to base 2
1001001110
What is 280c (base 16) in base 2?
10100000001100
215522 (base 6) to base 3
220212012
What is -226a1 (base 11) in base 7?
-164400
What is 2832 (base 13) in base 7?
22605
865 (base 13) to base 11
1095
What is b905 (base 12) in base 10?
20309
Convert 17 (base 11) to base 8.
22
3d (base 15) to base 4
322
What is 1876 (base 10) in base 9?
2514
2ed1 (base 15) to base 13
4798
7032 (base 14) to base 16
4b34
-3820 (base 12) to base 14
-2464
Convert -3559 (base 11) to base 16.
-1236
What is 4062 (base 8) in base 15?
94d
Convert 102243 (base 5) to base 4.
311320
What is 26046 (base 8) in base 2?
10110000100110
-230 (base 14) to base 6
-2002
Convert 202020 (base 3) to base 8.
1042
2023213 (base 4) to base 8
21347
-111111100 (base 2) to base 11
-422
What is 145030 (base 6) in base 3?
201021200
What is 552 (base 6) in base 4?
3110
What is -467 (base 8) in base 12?
-21b
What is 1939 (base 14) in base 16?
11cf
What is -50633 (base 7) in base 14?
-46c3
Convert 2337 (base 13) to base 3.
20210020
-2373 (base 13) to base 2
-1001110000011
325 (base 15) to base 4
23012
Convert 217 (base 10) to base 13.
139
What is 2276 (base 8) in base 12?
852
12212 (base 3) to base 14
b4
2927 (base 10) to base 3
11000102
-45b (base 12) to base 6
-2555
Convert -884 (base 10) to base 5.
-12014
7989 (base 10) to base 5
223424
What is -1b53 (base 12) in base 9?
-4560
Convert 36057 (base 9) to base 5.
1232414
What is -104314 (base 6) in base 15?
-28dd
What is 2002 (base 6) in base 12?
302
Convert -d88 (base 15) to base 13.
-150b
Convert 121200 (base 3) to base 11.
37a
What is 232 (base 10) in base 6?
1024
-12310012 (base 4) to base 10
-27910
Convert -1331201 (base 4) to base 5.
-224113
Convert -1ab46 (base 12) to base 13.
-15084
Convert 33010 (base 4) to base 12.
684
Convert -133221 (base 5) to base 6.
-41100
-2418 (base 10) to base 15
-ab3
Convert 4324 (base 10) to base 6.
32004
Convert 431 (base 12) to base 8.
1145
11022000 (base 3) to base 11
2398
-a52c (base 16) to base 7
-234164
-3064 (base 13) to base 9
-10134
Convert -1580 (base 12) to base 9.
-3436
What is 12b8 (base 15) in base 2?
111110011110
10011001010110 (base 2) to base 11
7412
Convert 578 (base 10) to base 6.
2402
Convert -4225 (base 8) to base 6.
-14101
11210102 (base 3) to base 15
107e
What is -11001110111010 (base 2) in base 4?
-3032322
10011101101100 (base 2) to base 6
114420
85 (base 11) to base 16
5d
Convert 311210 (base 6) to base 12.
12506
-144220 (base 5) to base 2
-1100000101001
Convert 285 (base 10) to base 12.
1b9
What is -324 (base 12) in base 16?
-1cc
Convert 326 (base 15) to base 8.
1307
Convert -3210 (base 4) to base 8.
-344
Convert 9986 (base 12) to base 15.
5050
What is 1121103 (base 6) in base 5?
3313104
Convert 2498 (base 15) to base 11.
5945
What is 137 (base 12) in base 13?
115
What is -14121 (base 7) in base 14?
-1581
3250 (base 7) to base 15
527
Convert 24448 (base 10) to base 14.
8ca4
What is -20202102 (base 3) in base 12?
-2a25
Convert -35 (base 14) to base 10.
-47
What is 829 (base 13) in base 15?
627
-25d (base 16) to base 11
-500
33375 (base 8) to base 3
201022101
Convert -70040 (base 8) to base 12.
-14740
Convert a10 (base 15) to base 3.
10002220
What is 2003 (base 4) in base 9?
155
Convert 224205 (base 6) to base 13.
88c1
What is bf7 (base 16) in base 15?
d93
What is 870 (base 11) in base 10?
1045
What is -4143 (base 9) in base 2?
-101111011100
What is -5283 (base 10) in base 6?
-40243
Convert -20123 (base 4) to base 15.
-25e
Convert -371 (base 14) to base 3.
-221110
-1239 (base 12) to base 4
-200031
What is 133123 (base 6) in base 11?
931a
Convert 6076 (base 10) to base 5.
143301
What is 34232 (base 6) in base 7?
20060
Convert 2008 (base 9) to base 3.
2000022
Convert 1e43 (base 15) to base 3.
100001000
-263 (base 11) to base 15
-15b
Convert 2a124 (base 11) to base 3.
2011121221
-e3 (base 16) to base 9
-272
Convert bbc (base 14) to base 8.
4422
Convert -5632 (base 10) to base 13.
-2743
Convert 700 (base 9) to base 15.
27c
Convert -5397 (base 14) to base 8.
-34151
What is 8113 (base 10) in base 4?
1332301
What is -1771 (base 9) in base 16?
-550
What is -1010000001 (base 2) in base 15?
-2cb
Convert 21a (base 11) to base 12.
19b
-1d25 (base 14) to base 4
-1103031
6c1 (base 15) to base 11
1172
10323 (base 4) to base 11
267
-12000021 (base 3) to base 10
-3652
10010011100101000 (base 2) to base 3
10211122112
11000002 (base 3) to base 6
21302
What is -57c (base 14) in base 6?
-5014
201100 (base 3) to base 7
1344
What is 2975 (base 11) in base 4?
323321
Convert -10101110001101 (base 2) to base 5.
-324044
What is 277 (base 8) in base 5?
1231
Convert -3230231 (base 5) to base 8.
-153432
Convert 10010111000 (base 2) to base 5.
14313
Convert 344 (base 10) to base 5.
2334
Convert 22201000 (base 3) to base 15.
1d30
-141100 (base 5) to base 9
-7826
Convert -5275 (base 9) to base 4.
-330203
What is -30c5 (base 14) in base 5?
-232110
Convert -10008 (base 13) to base 15.
-86e9
Convert -781 (base 11) to base 6.
-4200
Convert 245345 (base 6) to base 8.
52701
What is -5ee (base 16) in base 11?
-1160
Convert 100011000011111 (base 2) to base 9.
26555
-30525 (base 6) to base 13
-1b23
Convert 889a (base 12) to base 4.
3223312
What is -1001021 (base 3) in base 15?
-35d
What is 2100 (base 13) in base 6?
33043
-16a7 (base 11) to base 5
-32144
What is -764 (base 8) in base 4?
-13310
Convert 4d9 (base 14) to base 16.
3cf
Convert 1101000101101 (base 2) to base 4.
1220231
-dc6 (base 14) to base 15
-c17
What is 3ca1 (base 13) in base 7?
34340
What is -29473 (base 10) in base 12?
-15081
Convert 4e8 (base 16) to base 5.
20011
4641 (base 11) to base 15
1c15
What is 346b (base 14) in base 13?
41bb
Convert 24607 (base 9) to base 7.
66124
What is -301113 (base 5) in base 14?
-368d
Convert 20117 (base 8) to base 13.
39c3
155513 (base 6) to base 11
10734
Convert 1240321 (base 5) to base 4.
11332031
-439 (base 14) to base 16
-343
43c (base 15) to base 6
4233
-1410 (base 7) to base 9
-666
What is 1101001111 (base 2) in base 12?
5a7
6106 (base 8) to base 13
1579
What is -1059 (base 11) in base 8?
-2563
58839 (base 10) to base 4
32113113
What is -2cd (base 16) in base 8?
-1315
-2000000 (base 4) to base 15
-2662
-347 (base 9) to base 14
-166
What is -100110011000100 (base 2) in base 3?
-222221212
What is -72013 (base 9) in base 11?
-32679
1111011101 (base 2) to base 15
45e
What is -23134 (base 8) in base 15?
-2d9a
What is 1a1d (base 16) in base 2?
1101000011101
Convert -124001 (base 7) to base 8.
-54706
Convert 11405 (base 11) to base 9.
24520
Convert -2330 (base 5) to base 9.
-417
Convert -2161 (base 10) to base 9.
-2861
-29a1 (base 11) to base 7
-14155
2301300 (base 4) to base 12
6700
What is -704c (base 16) in base 9?
-43382
Convert -143530 (base 6) to base 5.
-420211
-69b (base 15) to base 14
-78c
Convert 101110011011 (base 2) to base 14.
1123
What is 2113120 (base 4) in base 3?
111021211
What is 1000111001100 (base 2) in base 5?
121211
What is -22 (base 3) in base 12?
-8
3182 (base 9) to base 11
183a
Convert 110122 (base 3) to base 4.
11111
Convert -a0 (base 15) to base 5.
-1100
4645 (base 7) to base 11
1305
What is 110010001 (base 2) in base 15?
1bb
Convert -657 (base 11) to base 8.
-1424
What is -76b (base 15) in base 4?
-122030
What is -1210011011 (base 3) in base 6?
-430304
What is -5a1 (base 16) in base 7?
-4126
What is 1